d).
2
Let f(x) = x**3 - x**2 - 2*x - 1. Let t be f(-1). What are the prime factors of t*(2 + (-64)/2)?
2, 3, 5
Let c be (-1)/4 - 17/(-4). Suppose 87 = c*w - 13. List the prime factors of w.
5
Let u = 134 + -92. Let p = 4 - u. Let d = -26 - p. List the prime factors of d.
2, 3
Suppose -3*u + 18 = 3*j, 4*j + j = -2*u + 18. Let i = 1 + 0. Suppose j*g = -v + g + i, -5*g - 15 = -5*v. List the prime factors of v.
2
Let p(j) = -j**3 + 4*j**2 + 2*j - 4. Let k be p(4). Suppose -k*h + h = -12. What are the prime factors of h?
2
Let h be 2/(-7) - (-95)/(-35). Let b(v) = v**2 + v - 1. Let f be b(h). Suppose 0 = -f*k + 13 + 7. What are the prime factors of k?
2
Let y(d) = d**3 + 10*d**2 + 3*d + 3. Let q be y(-9). Let z = q - 34. What are the prime factors of z?
23
What are the prime factors of 114*1 + 0/(3/3)?
2, 3, 19
Let o(d) = d**2 + 10*d + 12. Let q be o(-12). What are the prime factors of (-35)/(-14)*q/10?
3
Let b be 0 - -2 - 1 - -2. Suppose 5*z + 55 = 5*r, 4*z - 7 = -b*r + 33. What are the prime factors of ((-2)/3)/(r/(-198))?
11
Let z be (-28)/7*(-94)/4. Suppose -4*r - r = 3*l - z, 5*r - 70 = 5*l. What are the prime factors of r?
17
Suppose 0*p + 130 = 5*p. List the prime factors of p.
2, 13
Suppose d = -y - 2, -2*y + d = -5*y - 6. Let q be (-6)/(y/(-2))*1. List the prime factors of (4/q)/((-6)/18).
2
Let s = 2 + 1. Let i be (-2)/(-3) + 25/s. Suppose p - 5*p - 5*y - 7 = 0, -3*y - i = 0. What are the prime factors of p?
2
Suppose 3*y - 125 = -5*q, 2*y + q = -2*q + 82. List the prime factors of y.
5, 7
Let h be 6/(-4)*16/(-12). Let j = h + 1. What are the prime factors of -2*((-19)/2 + j)?
13
Let p(l) = 2*l**2 - 5*l - 6. Let n(i) = -5*i**2 + 9*i + 11. Let k(v) = -4*n(v) - 7*p(v). Let b(m) = -2*m - 4. Let j be b(-3). List the prime factors of k(j).
2, 5
Let c(t) = t**3 - 10*t**2 + 2*t + 8. Let v be c(10). List the prime factors of -2 + -1 + 2 + v.
3
Let h(d) = 3*d**2 - d - 3. What are the prime factors of h(-6)?
3, 37
Suppose o - 70 = -o. List the prime factors of o.
5, 7
Let m(i) = -3 - 3*i + 4*i + i. Let b = 7 - 2. List the prime factors of m(b).
7
Let t be -2*(3 - (14 - -3)). Suppose 0 = -j - d + t, j - d = -0*j + 24. List the prime factors of j.
2, 13
Suppose -3*p + p + 4*k = -248, 99 = p + 3*k. List the prime factors of p.
2, 3, 19
Suppose 3*c - 312 = -3*q, 98 = q + c - 3*c. List the prime factors of q.
2, 3, 17
What are the prime factors of 2994/42 - (-4)/(-14)?
71
Suppose -3*d = -4*k + 760, 3*d = -k - 2*d + 167. List the prime factors of k.
11, 17
What are the prime factors of (-256)/(-10) + (-18)/30?
5
Suppose -3*b + 0*x = x - 109, 3*b + 5*x - 89 = 0. Suppose -d - 2 + 16 = k, -3*d + b = 2*k. List the prime factors of d.
2, 5
Suppose 0*n - 125 = -5*n. Suppose -t - 20 = -4*y, -y = 4*y + 2*t - n. What are the prime factors of y?
5
Let d = 407 + -287. List the prime factors of d.
2, 3, 5
Let z(p) = 4*p**2 + 5*p + 3. What are the prime factors of z(-4)?
47
Suppose 0 = -5*u - 25, 5*u - 1 = -d - 0. Let x = 46 - d. What are the prime factors of x?
2, 5
Let c be (-6)/(-4) + 1/2. Suppose -4*k - 12 = -2*a, -5*k + 11 = a - c. List the prime factors of a.
2
Let j(r) = -r**3 - 2*r - 1. Let h be j(-1). Let k(s) be the second derivative of 5*s**3/6 - s**2/2 - s. What are the prime factors of k(h)?
3
Suppose -2*z + 8 + 65 = 3*p, -4*z + 4*p = -116. What are the prime factors of z?
2
Let t(b) = 9*b**3 - 17*b**2 - b - 27. Let q(u) = 13 - 12*u + 12*u + 9*u**2 - 4*u**3 + 1. Let n(j) = -7*q(j) - 3*t(j). What are the prime factors of n(12)?
19
Let v = -10 - -25. Suppose -2*m = -4*t + 6, -3*t = m - 6*t - 1. Let h = v + m. What are the prime factors of h?
2
Let r(o) = -7*o - 1. Let n(s) = 8*s**2 + 6. Let t(y) = 7*y**2 + 5. Let d(v) = -6*n(v) + 7*t(v). Let q be d(0). List the prime factors of r(q).
2, 3
Suppose 7*y = 9*y - 26. List the prime factors of y.
13
Suppose x - 3*t = 5, 0 = x - 0*t - t - 3. What are the prime factors of (86 - 4)*x/4?
41
Let n = 7 - 5. Suppose n*y - 4*y = -40. Let u = 28 - y. List the prime factors of u.
2
Suppose -3*t - 3 = 0, 0*t = 4*x - 4*t - 32. What are the prime factors of x?
7
Let q = -49 - -32. Let s = 24 + q. List the prime factors of s.
7
What are the prime factors of 2/9 - (-3367)/117?
29
Suppose -240 = -4*x + 412. List the prime factors of x.
163
Let u = 29 - 2. Let v(h) = 6*h + 5. Let r be v(-4). Let q = u + r. What are the prime factors of q?
2
Let y(f) = -3*f - 3 + 14 - f**2 + 3*f. List the prime factors of y(0).
11
Let l = 246 - -26. List the prime factors of l.
2, 17
What are the prime factors of 103 + (4 - (-1 + 3))?
3, 5, 7
Let s(w) = 2*w + 136. What are the prime factors of s(0)?
2, 17
Suppose 5*y - 15 = 0, 2*u - 75 = 3*y - 8*y. What are the prime factors of u?
2, 3, 5
Let s(j) = -j**2 + 6*j + 4. Let g(f) = f - 3. Let m be g(9). What are the prime factors of s(m)?
2
Suppose 3*x - f + 25 = 0, -f = -2*x + 4*x + 15. Let a(v) = 8*v + 6. Let u(h) = 7*h + 6. Let s(i) = 5*a(i) - 6*u(i). What are the prime factors of s(x)?
2, 5
Let d(n) = -n + 3. Let p be d(4). Let u(y) = -16*y + 1. What are the prime factors of u(p)?
17
Let k(s) = -2*s + 0*s + 2 - 3. Let v be (-1 - (8 - 2)) + 1. List the prime factors of k(v).
11
Suppose 4*k - 15 = -5*t - k, -4*t + 5*k = 6. Let y(b) = 7*b**3 - 2*b**2 + 1. Let f be y(t). List the prime factors of f - (-2)/1*1.
2
Let f(t) = 5*t + 15. Let p be f(-10). What are the prime factors of (-3 - p)*(-1)/(-2)?
2
Let i be 8/(0 + -2)*-1. Suppose a - i*d = -7 + 26, -3*a = -2*d - 27. List the prime factors of a.
7
Let y = 40 - 12. What are the prime factors of y?
2, 7
Let j(m) = -m + 5. Let f be j(0). Suppose -17 = f*i - 92. What are the prime factors of i?
3, 5
Let g = -309 + 516. What are the prime factors of g?
3, 23
Let d = 18 + -9. List the prime factors of d.
3
Let r(c) = -5*c - 18. Let i(z) = 2*z + 9. Let u(w) = -9*i(w) - 4*r(w). What are the prime factors of u(8)?
7
Let y = -8 - -16. List the prime factors of ((-90)/(-12))/(3/y).
2, 5
Suppose 0 = 2*v - 36 - 28. List the prime factors of v.
2
Let k be 1 + (-2 - 1) + 6. Suppose x - 2*x + k = 0. What are the prime factors of x?
2
Suppose -k - 2*k + 126 = 0. List the prime factors of k.
2, 3, 7
Let z = 130 - 37. What are the prime factors of z?
3, 31
Let o = -92 + 171. What are the prime factors of o?
79
Let l = 7 - 2. What are the prime factors of l?
5
Let m(y) = y**2 - 6*y + 4. Let u be m(6). Suppose 0 = 2*p - u, -2*p - 2*p - 27 = -5*z. List the prime factors of z.
7
Let n = 15 - 10. Suppose 0 = -5*a + 5*y - 25, -2*a - n = -0*a - 3*y. What are the prime factors of (a/(-4))/(2/4)?
5
Suppose 3*z + 4*o - 353 = 0, -4*o + 238 = -2*z + 4*z. List the prime factors of z.
5, 23
Let i(k) = -k**2 + 9*k + 9. List the prime factors of i(7).
23
Suppose 0 = -3*c - 7 + 22. Suppose 0*g + c*m = g - 42, 0 = g + 5*m - 22. What are the prime factors of g/3 + 5/15?
11
Let u(a) = 74*a**3 - 3*a + 8. Let g(z) = 49*z**3 - 2*z + 5. Let r(d) = -8*g(d) + 5*u(d). What are the prime factors of r(-1)?
3, 7
Suppose -3*v = -3*p - 2*p + 210, -2*v - 126 = -3*p. What are the prime factors of p?
2, 3, 7
What are the prime factors of ((-1)/2)/((-4)/264)?
3, 11
Let n be 2/((-4)/7)*-4. Let y be (-164)/n + (-4)/14. List the prime factors of -3*1*16/y.
2
Suppose 7*n - 2*n - 30 = 0. Let s(d) = 1 + 2 + 7*d**2 - 7*d - d**3 + 5. List the prime factors of s(n).
2
Let v = -10 + 37. List the prime factors of v.
3
Suppose 2*h + 425 = 3*v, -2*v + 8*h + 286 = 4*h. What are the prime factors of v?
3, 47
Let a(r) be the third derivative of r**4/24 + 2*r**3/3 - r**2. List the prime factors of a(4).
2
Suppose m = 4*g - 0 + 6, -4*m + 3*g = 41. Let j = m - -22. List the prime factors of j.
2
What are the prime factors of (-1*2/3)/(10/(-1905))?
127
Suppose -2 = -m + 3*u - 7, -3*u = -5*m + 11. What are the prime factors of (-339)/(-12) - 1/m?
2, 7
Suppose 3*j - 42 = -4*f, 3*f + j + 2*j - 33 = 0. Let k = 9 + f. What are the prime factors of k?
2, 3
Let h be (75/(-12))/(-5)*20. Let t = h + -9. What are the prime factors of t?
2
Let l(d) be the second derivative of d + 1/2*d**2 + 0 - 5/3*d**3 - 1/12*d**4. What are the prime factors of l(-9)?
2, 5
Let i(x) = 3*x + 7. Let p be i(-10). Suppose -4*c = 3*a + 39, -3*c + a = 2*a + 33. Let w = c - p. List the prime factors of w.
11
Suppose 10 = -3*k + 4*k + 5*o, o + 9 = 2*k. S